e
Is 27397 a composite number?
False
Is 7639 a composite number?
False
Is 454759 composite?
False
Is 25249 composite?
True
Is 89101 composite?
False
Is 15581 a prime number?
True
Is 225257 composite?
False
Is 1843739 a composite number?
True
Is 52433 a prime number?
True
Is 873707 a composite number?
False
Is 153557 a composite number?
False
Is 179639 prime?
False
Is 4643 composite?
False
Is 36655 prime?
False
Is 42557 a composite number?
False
Is 2279 a composite number?
True
Is 261251 a prime number?
True
Is 1243 prime?
False
Is 363901 prime?
True
Is 93565 a prime number?
False
Is 274403 a composite number?
False
Is 1291 a composite number?
False
Is 265033 composite?
True
Is 70097 composite?
True
Is 1581643 prime?
False
Is 619 a composite number?
False
Is 33457 a composite number?
False
Is 1993 composite?
False
Is 15347 prime?
False
Is 1684667 prime?
True
Is 745231 a prime number?
True
Is 303515 prime?
False
Is 237723 composite?
True
Is 21587 a composite number?
False
Is 460111 composite?
False
Is 56299 composite?
False
Is 81335 composite?
True
Is 151597 prime?
True
Is 98317 a prime number?
True
Is 135202 composite?
True
Is 12961 prime?
False
Is 269749 composite?
False
Is 214741 a prime number?
True
Is 853 a prime number?
True
Is 32353 prime?
True
Is 18053 a composite number?
True
Is 761 a prime number?
True
Is 11027 a prime number?
True
Is 58931 a prime number?
False
Is 577495 prime?
False
Is 189755 a prime number?
False
Is 56657 a prime number?
False
Is 105389 composite?
False
Is 1763039 a composite number?
True
Is 521 a prime number?
True
Is 1450181 prime?
False
Is 49607 a composite number?
True
Is 224051 prime?
False
Is 89169 a prime number?
False
Is 46639 a prime number?
True
Is 3787 prime?
False
Is 71813 prime?
False
Is 701869 composite?
True
Is 130061 a composite number?
True
Is 359291 a composite number?
False
Is 23929 prime?
True
Is 53 a prime number?
True
Is 1894 a prime number?
False
Is 2153 composite?
False
Is 3203 a composite number?
False
Is 2999 composite?
False
Is 10561 a prime number?
False
Is 15397 a composite number?
True
Is 257897 a composite number?
True
Is 952541 composite?
False
Is 4537 a composite number?
True
Is 95915 prime?
False
Is 1258329 composite?
True
Is 32989 composite?
True
Is 28559 a prime number?
True
Is 36833 a composite number?
False
Is 5879 prime?
True
Is 7711 composite?
True
Is 25147 a prime number?
True
Is 20743 a prime number?
True
Is 15439 a prime number?
True
Is 1567 composite?
False
Is 119539 prime?
False
Is 87007 composite?
True
Is 88013 prime?
False
Is 26671 a composite number?
True
Is 2287 a composite number?
False
Is 20177 a prime number?
True
Is 2569 a composite number?
True
Is 4304869 a composite number?
False
Is 299654 composite?
True
Is 90769 prime?
False
Is 287515 composite?
True
Is 113591 a prime number?
True
Is 34393 a composite number?
True
Is 154441 prime?
False
Is 9011 a composite number?
False
Is 1273 composite?
True
Is 26615 composite?
True
Is 7261 prime?
False
Is 194431 a composite number?
False
Is 10435 a composite number?
True
Is 16143 a composite number?
True
Is 77963 a composite number?
True
Is 257533 a composite number?
True
Is 90887 a composite number?
False
Is 1999957 a prime number?
True
Is 126397 a composite number?
False
Is 123391 a composite number?
True
Is 7321 a composite number?
False
Is 49403 a composite number?
True
Is 178985 a composite number?
True
Is 29629 composite?
False
Is 23717 prime?
False
Is 339 a composite number?
True
Is 249877 a prime number?
False
Is 3210923 a composite number?
True
Is 305 prime?
False
Is 24257 prime?
False
Is 94193 prime?
False
Is 443773 composite?
True
Is 12071 prime?
True
Is 9505 a composite number?
True
Is 301313 a prime number?
False
Is 2179 a prime number?
True
Is 1057 prime?
False
Is 321713 a composite number?
True
Is 21467 a prime number?
True
Is 134377 a composite number?
True
Is 765191 prime?
False
Is 82805 prime?
False
Is 4269 a composite number?
True
Is 2183539 composite?
False
Is 4679 prime?
True
Is 33281 prime?
False
Is 4907 prime?
False
Is 172741 composite?
False
Is 3527 composite?
False
Is 187727 a prime number?
False
Is 8951 prime?
True
Is 157127 a composite number?
False
Is 105421 composite?
True
Is 188698 a composite number?
True
Is 7289 a composite number?
True
Is 4399 a prime number?
False
Is 5191 a prime number?
False
Is 9859 prime?
True
Is 3647 a composite number?
True
Is 895987 a prime number?
True
Is 11113 prime?
True
Is 965047 prime?
True
Is 82541 composite?
True
Is 768317 prime?
False
Is 39322 prime?
False
Is 15877 a composite number?
False
Is 108677 prime?
True
Is 12097 a prime number?
True
Is 631 a prime number?
True
Is 207299 a composite number?
True
Is 1289513 a composite number?
False
Is 23449 a composite number?
True
Is 40867 prime?
True
Is 49705 prime?
False
Is 13517 prime?
False
Is 25735 a prime number?
False
Is 43997 prime?
True
Is 9511 a prime number?
True
Is 47017 a prime number?
True
Is 15511 a prime number?
True
Is 1319 composite?
False
Is 2067617 a prime number?
True
Is 550769 a composite number?
True
Is 5227 a prime number?
True
Is 3683 a prime number?
False
Is 11311 composite?
False
Is 2183 prime?
False
Is 11797 composite?
True
Is 24151 a prime number?
True
Is 291 composite?
True
Is 51215 a composite number?
True
Is 126173 composite?
False
Is 154571 a prime number?
True
Is 6007 composite?
False
Is 2279993 a composite number?
False
Is 67247 a prime number?
True
Is 5269 prime?
False
Is 14613 a composite number?
True
Is 2962 a prime number?
False
Is 2243 prime?
True
Is 3037 a composite number?
False
Is 184511 composite?
False
Is 35827 prime?
False
Is 559803 a composite number?
True
Is 304949 a composite number?
False
Is 56051 prime?
False
Is 154085 prime?
False
Is 4461 composite?
True
Is 2288933 a composite number?
True
Is 1701919 a composite number?
True
Is 308887 prime?
True
Is 1924337 prime?
False
Is 2993881 prime?
False
Is 1235119 composite?
True
Is 508867 a prime number?
True
Is 156007 a prime number?
True
Is 6739 composite?
True
Is 38273 a composite number?
False
Is 410479 a composite number?
True
Is 265 a prime number?
False
Is 116062 composite?
True
Is 23099 composite?
False
Is 22421 a composite number?
True
Is 329959 a prime number?
False
Is 2386699 composite?
True
Is 47041 composite?
False
Is 9659 composite?
True
Is 28961 a prime number?
True
Is 17635 prime?
False
Is 20899 a composite number?
False
Is 30593 composite?
False
Is 37385 a composite number?
True
Is 9467 a composite number?
False
Is 8367 prime?
False
Is 29227 a prime number?
False
Is 12893 a composite number?
False
Is 680341 composite?
False
Is 35099 a composite number?
False
Is 184099 a prime number?
False
Is 4393 a prime number?
False
Is 50689 a composite number?
True
Is 77317 prime?
True
Is 266773 a composite number?
True
Is 17201 prime?
False
Is 83813 composite?
False
Is 5227 a prime number?
True
Is 252383 a prime number?
True
Is 1029221 a prime number?
False
Is 15121 composite?
False
Is 35755 prime?
False
Is 34769 composite?
True
Is 946549 a composite number?
False
Is 13081 composite?
True
Is 102121 a prime number?
True
Is 28921 a composite number?
False
Is 354233 a composite number?
True
Is 4997 a prime number?
False
Is 19657 composite?
True
Is 15959 a composite number?
False
Is 509683 a composite number?
True
Is 25427 prime?
False
Is 11719 composite?
False
Is 20873 prime?
True
Is 48989 a prime number?
True
Is 25729 a composite number?
True
Is 59029 a composite number?
False
Is 25727 prime?
False
Is 448241 prime?
True
Is 1361 composite?
False
Is 69137 a composite number?
True
Is 1409519 prime?
True
Is 741401 composite?
False
Is 13963 prime?
True
Is 198335 a composite number?
True
Is 149791 a composite number?
False
Is 149269 a composite number?
False
Is 2003 prime?
True
Is 632411 a composite number?
True
Is 861391 a prime number?
True
Is 1193 composite?
False
Is 11801 prime?
True
Is 432577 prime?
True
Is 75967 composite?
False
Is 212627 composite?
False
Is 122269 prime?
False
Is 97771 composite?
False
Is 13963 a prime number?
True
Is 105407 a composite number?
False
Is 136909 a prime number?
False
Is 3019 a prime number?
True
Is 60461 prime?
False
Is 855649 composite?
True
Is 103903 a prime number?
True
Is 145869 a 